45.
1139
What is the remainder when 70457 is divided by 862?
635
What is the remainder when 9478 is divided by 6?
4
Calculate the remainder when 52627 is divided by 28.
15
Calculate the remainder when 884877 is divided by 487.
485
What is the remainder when 11503 is divided by 21?
16
Calculate the remainder when 14896 is divided by 573.
571
What is the remainder when 75512 is divided by 91?
73
What is the remainder when 1268 is divided by 100?
68
What is the remainder when 105795 is divided by 458?
455
Calculate the remainder when 3244 is divided by 44.
32
What is the remainder when 21974 is divided by 134?
132
Calculate the remainder when 66345 is divided by 11.
4
What is the remainder when 6394 is divided by 178?
164
What is the remainder when 10126 is divided by 10113?
13
What is the remainder when 60680 is divided by 339?
338
Calculate the remainder when 22156 is divided by 27.
16
What is the remainder when 30147 is divided by 33?
18
What is the remainder when 10859 is divided by 10780?
79
What is the remainder when 172995 is divided by 26?
17
What is the remainder when 493308 is divided by 5?
3
Calculate the remainder when 15189 is divided by 241.
6
Calculate the remainder when 33868 is divided by 220.
208
Calculate the remainder when 1146 is divided by 108.
66
What is the remainder when 1756887 is divided by 274?
273
Calculate the remainder when 789 is divided by 446.
343
What is the remainder when 1849 is divided by 910?
29
What is the remainder when 150429 is divided by 295?
274
Calculate the remainder when 492450 is divided by 183.
180
Calculate the remainder when 29066 is divided by 95.
91
What is the remainder when 601 is divided by 134?
65
What is the remainder when 138507 is divided by 333?
312
Calculate the remainder when 776720 is divided by 54.
38
What is the remainder when 212428 is divided by 17?
13
What is the remainder when 6570 is divided by 243?
9
What is the remainder when 792030 is divided by 158404?
10
What is the remainder when 23184 is divided by 11587?
10
What is the remainder when 76820 is divided by 48?
20
What is the remainder when 1619486 is divided by 884?
882
Calculate the remainder when 5535 is divided by 473.
332
Calculate the remainder when 36167 is divided by 49.
5
What is the remainder when 97349 is divided by 3?
2
What is the remainder when 2483948 is divided by 35?
33
What is the remainder when 8142 is divided by 627?
618
What is the remainder when 565589 is divided by 1271?
1265
Calculate the remainder when 20652 is divided by 199.
155
Calculate the remainder when 16521 is divided by 12.
9
Calculate the remainder when 42929 is divided by 8569.
84
What is the remainder when 1257 is divided by 1243?
14
What is the remainder when 8567 is divided by 180?
107
Calculate the remainder when 371 is divided by 365.
6
What is the remainder when 18459 is divided by 62?
45
Calculate the remainder when 249 is divided by 163.
86
Calculate the remainder when 117453 is divided by 315.
273
What is the remainder when 82344 is divided by 222?
204
What is the remainder when 939 is divided by 34?
21
What is the remainder when 2234 is divided by 583?
485
What is the remainder when 5749 is divided by 139?
50
What is the remainder when 575122 is divided by 3160?
2
What is the remainder when 1395 is divided by 1383?
12
What is the remainder when 1229 is divided by 19?
13
Calculate the remainder when 208371 is divided by 1.
0
Calculate the remainder when 8106 is divided by 16.
10
Calculate the remainder when 6605 is divided by 313.
32
What is the remainder when 11639 is divided by 1158?
59
What is the remainder when 47770 is divided by 91?
86
Calculate the remainder when 74554 is divided by 171.
169
Calculate the remainder when 5514 is divided by 14.
12
Calculate the remainder when 11157 is divided by 85.
22
Calculate the remainder when 185308 is divided by 92645.
18
What is the remainder when 7287 is divided by 27?
24
Calculate the remainder when 16541 is divided by 21.
14
Calculate the remainder when 12184 is divided by 160.
24
Calculate the remainder when 1238 is divided by 124.
122
What is the remainder when 63054 is divided by 73?
55
What is the remainder when 5838 is divided by 129?
33
Calculate the remainder when 31493 is divided by 896.
133
What is the remainder when 6948 is divided by 158?
154
Calculate the remainder when 265275 is divided by 537.
534
Calculate the remainder when 12461 is divided by 2488.
21
What is the remainder when 414907 is divided by 506?
493
What is the remainder when 25322 is divided by 8383?
173
Calculate the remainder when 1371 is divided by 473.
425
What is the remainder when 72235 is divided by 29?
25
What is the remainder when 1564 is divided by 404?
352
What is the remainder when 8367 is divided by 27?
24
Calculate the remainder when 4863 is divided by 448.
383
What is the remainder when 1342 is divided by 424?
70
Calculate the remainder when 16030 is divided by 16021.
9
Calculate the remainder when 14583 is divided by 911.
7
What is the remainder when 72913 is divided by 4554?
49
Calculate the remainder when 200016 is divided by 183.
180
Calculate the remainder when 12062 is divided by 154.
50
What is the remainder when 130610 is divided by 563?
557
Calculate the remainder when 30066 is divided by 4998.
78
What is the remainder when 152472 is divided by 286?
34
What is the remainder when 2923 is divided by 22?
19
What is the remainder when 8969 is divided by 8903?
66
Calculate the remainder when 5406796 is divided by 25.
21
Calculate the remainder when 101720 is divided by 68.
60
Calculate the remainder when 11253 is divided by 2774.
157
What is the remainder when 51798 is divided by 131?
53
Calculate the remainder when 30772 is divided by 33.
16
Calculate the remainder when 1437 is divided by 435.
132
What is the remainder when 17051 is divided by 87?
86
What is the remainder when 7309 is divided by 122?
111
What is the remainder when 7466094 is divided by 59?
57
Calculate the remainder when 1217242 is divided by 12.
10
What is the remainder when 44157 is divided by 240?
237
Calculate the remainder when 621707 is divided by 637.
632
Calculate the remainder when 4141 is divided by 2066.
9
What is the remainder when 15328 is divided by 10?
8
Calculate the remainder when 2568 is divided by 879.
810
What is the remainder when 1491 is divided by 741?
9
What is the remainder when 6678 is divided by 444?
18
Calculate the remainder when 6009093 is divided by 13.
12
Calculate the remainder when 19620 is divided by 636.
540
What is the remainder when 304095 is divided by 104?
103
What is the remainder when 592180 is divided by 7592?
4
What is the remainder when 552 is divided by 66?
24
What is the remainder when 5807 is divided by 937?
185
Calculate the remainder when 58102 is divided by 1160.
102
Calculate the remainder when 2164 is divided by 412.
104
Calculate the remainder when 1146749 is divided by 55.
54
What is the remainder when 32566 is divided by 122?
114
What is the remainder when 3237 is divided by 1332?
573
Calculate the remainder when 42925 is divided by 376.
61
Calculate the remainder when 5159 is divided by 652.
595
What is the remainder when 3644 is divided by 76?
72
What is the remainder when 573 is divided by 163?
84
What is the remainder when 35245 is divided by 17223?
799
Calculate the remainder when 241 is divided by 15.
1
Calculate the remainder when 14981 is divided by 14813.
168
What is the remainder when 9533 is divided by 148?
61
What is the remainder when 30205 is divided by 475?
280
Calculate the remainder when 10256 is divided by 3351.
203
Calculate the remainder when 1382 is divided by 157.
126
What is the remainder when 1124004 is divided by 13?
11
What is the remainder when 75918 is divided by 1724?
62
What is the remainder when 42142 is divided by 8428?
2
What is the remainder when 12290 is divided by 2949?
494
Calculate the remainder when 34398 is divided by 907.
839
What is the remainder when 464 is divided by 17?
5
Calculate the remainder when 17522 is divided by 5830.
32
Calculate the remainder when 33794 is divided by 17.
15
Calculate the remainder when 11453 is divided by 520.
13
Calculate the remainder when 164994 is divided by 994.
984
What is the rema